 h, -2*v - 3*h = -h - 30. Calculate the remainder when 66 is divided by v.
9
Let x be -3 + 1 + -1 + (-3 - -2). Calculate the remainder when (21/(-12))/(-7) + (-99)/x is divided by 4.
1
Let d be 0 + (-72)/(-21) + 9/(-21). Calculate the remainder when 193 is divided by ((-78)/8)/((-4)/48*d).
37
Let k(j) = -4*j + 42. Calculate the remainder when 17 is divided by k(9).
5
Suppose 7 = 17*q - 16*q. Suppose -16 = -4*v - 5*a + 1, 3*v = 2*a + 7. Suppose -2*n + v*n = q. What is the remainder when 27 is divided by n?
6
Let c be 3 + 3/3*-37. Let b = c - -55. What is the remainder when 41 is divided by b?
20
Let v = 46 + -24. Let n = -12 + 27. Suppose 0 = -z - 3*h + 5, 2*h = -2*z + h + n. What is the remainder when v is divided by z?
6
Let n(a) = -a + 11. Let x be n(3). Suppose -x*p = -1026 + 242. Calculate the remainder when p is divided by (100/12)/((-2)/(-6)).
23
Suppose 75*v - 68*v - 112 = 0. Let w(s) = s**3 - 5*s**2 - s - 2. Let x be w(5). Let r = 16 + x. What is the remainder when v is divided by r?
7
Suppose 780 = -4*j + 17*j. Calculate the remainder when j is divided by 45.
15
Calculate the remainder when 41 is divided by (-680)/(-102)*(-15)/(-4).
16
Let a(p) = -p**3 + 9*p**2 + 3. Let f be a(9). Suppose 0 = -f*c + 9 + 3. Let u = 1 + c. What is the remainder when 19 is divided by u?
4
Suppose 2*z - 4 = t + 5*z, -3*t + 44 = -5*z. Let c(i) = i**2 + 3*i - 39. Let u be c(-12). Suppose -l = -u + t. What is the remainder when l is divided by 16?
13
Suppose f = 0, 3*f - 8*f = 5*b - 140. Suppose -3*o = o - b. Calculate the remainder when 34 is divided by o.
6
Suppose 4*y = 137 - 33. Let p be -6*(6/4 + 7/6). Let t = p + y. Calculate the remainder when t is divided by 4.
2
Let d = -72 + 75. What is the remainder when (17/(-4))/((-1)/4) is divided by d?
2
Let v = -35 + 42. What is the remainder when 54 is divided by v/(-1)*(7 + -9)?
12
Suppose 9*b = 13*b - 344. What is the remainder when b is divided by 11?
9
Let f(n) = n**3 + 14*n**2 + 11*n + 8. Suppose 10*q = 11*q - 64. What is the remainder when q is divided by f(-13)?
30
Let o = 98 - 93. Suppose -m + o*b - 2*b = -12, -16 = -m + b. Calculate the remainder when 40 is divided by m.
4
Suppose 0 = -4*m + 3*m + 27. Let s = -41 - -37. What is the remainder when m is divided by 125/20 + (-3)/s?
6
Let a(u) = -34*u - 12*u**2 + 18*u - 6 + 6*u**3 - 5*u**3. Let c be a(14). Suppose 0*w = 3*w - c. Calculate the remainder when w is divided by 14.
12
Suppose c + 2 = -4*h, 2*h - 2*c = -5*c - 6. Suppose -2*g + 0*g + 4 = h. What is the remainder when 9 is divided by g?
1
Let r(d) = 2*d + 8. Suppose -7*v + 9*v + 8 = 0. Let m be r(v). Suppose m = -j - 2, -5*j - 21 - 9 = -2*f. Calculate the remainder when 28 is divided by f.
8
Let g be ((-2)/3)/((-6)/27). Suppose g*c - 7 - 11 = 0. Calculate the remainder when 7/(-1 + (-20)/(-16)) is divided by c.
4
Let r(t) = 3*t + 23. What is the remainder when r(14) is divided by 22?
21
Suppose 2*k - 3*c - 44 = -2*k, 4*c + 16 = 0. Suppose k*l - 4*l = 56. Suppose -93 + 18 = -3*j. What is the remainder when j is divided by l?
11
Suppose 5*n - 5*u - 28 = -3, 2*n - 4 = -4*u. Let t(r) = -1. Let j(l) = 21*l + 11. Let v(m) = j(m) + 6*t(m). What is the remainder when v(n) is divided by 23?
20
Let x = 300 - 281. Calculate the remainder when 62 is divided by x.
5
Suppose -12*v + 10*v = 3*a - 52, 4*v = -4. Calculate the remainder when 72 is divided by a.
0
Let l(i) = i**2 - 1 + 1 - 5 - 4*i. Let v(r) = -r**3 + 9*r**2 - 3*r - 10. Calculate the remainder when v(8) is divided by l(-3).
14
Let u(c) = 19*c + 749. Calculate the remainder when 356 is divided by u(-37).
34
Let y be 2 + (-2 - -1) - (0 - -95). Let f = y - -100. Suppose -30 = -m - 2*p + 5*p, 2*m = -4*p + 10. What is the remainder when m is divided by f?
3
Suppose 0 = -3*i - 2*z + 28, -5*z = 4*i - 0*z - 28. Let g be -2 + 0 - 13 - 3. Calculate the remainder when -2 + g/(-3) - -18 is divided by i.
10
Suppose 0 = 8*h - 13*h - 15. What is the remainder when (h - 171/(-15))*5 is divided by 11?
9
Let p(v) = 11*v**2 - 1. Let q(l) = 2*l**3 + l**2 + 19*l + 39. Calculate the remainder when q(0) is divided by p(1).
9
Suppose 7*i = 8*i + 2, 4*i = 4*q - 120. What is the remainder when 273 is divided by q?
21
Suppose 5*s - 2*v = 3*v + 45, -2*s + 4*v + 18 = 0. Suppose d = s + 75. Suppose -2*j = 2*j - d. Calculate the remainder when 41 is divided by j.
20
Let z(h) = -2*h**3 - 4*h**2 + h + 1. What is the remainder when 577 is divided by z(-6)?
11
Suppose 61*v + 928 = 7943. What is the remainder when v is divided by 73?
42
Suppose 6*n - 3*n - 4*n = 0. Suppose -103 = -j + b, n = 4*j - 2*j + 3*b - 201. Calculate the remainder when j is divided by 35.
32
Let q(b) = b**3 - 11*b**2 + b + 2. Let r be q(11). Let j be r/4 - (-1)/(-4). Suppose -17 = -5*f + j. What is the remainder when 9 is divided by f?
1
Let r(w) = -2*w + 6. What is the remainder when 31 - 17952/(-693) - 4/(-42) is divided by r(-6)?
3
Suppose -30 = 3*c + 2*c - 2*w, 4*w = -3*c - 18. Let b(j) = -3*j - 1. Let m(d) = -d - 2. Calculate the remainder when b(c) is divided by m(-7).
2
Suppose 5*k - 54 = 2*k. Suppose -t - k = t. Let l = -5 - t. What is the remainder when 11 is divided by l?
3
Let s(q) = -8*q - 5. Let h be s(-2). Let y(d) = -8*d + d**3 - 3 + h*d + 8*d**2 + 4. Calculate the remainder when y(-7) is divided by 15.
14
Let y = -226 - -284. Calculate the remainder when 230 is divided by y.
56
Suppose 3*a + 2*a - 25 = 0. Let j = -68 - -84. Suppose a*t - 149 = j. What is the remainder when t is divided by 9?
6
Let g = -39 - -75. Let x = -5 - -5. Suppose -4*b = -x*b - g. Calculate the remainder when 17 is divided by b.
8
Let p(q) = 5*q**2 - 2*q. Let v be p(1). Suppose v*c - 8*c = 5*a - 145, c = -3*a + 89. Calculate the remainder when 86 is divided by a.
26
Let a be 51/((-15)/(-5)) - 5. What is the remainder when 126 is divided by a*(-2 + 70/15)?
30
Let m = -119 - -169. Calculate the remainder when m is divided by 13.
11
Let c = 26 + -22. Suppose 4*y + 34 + 27 = 5*l, c*l - 49 = 3*y. What is the remainder when l is divided by 5?
3
What is the remainder when (5/(-50)*-2)/((-3)/(-1095)) is divided by 29?
15
Suppose 5*v + 5*g - 80 = 0, 7*g = 2*v + 5*g - 12. Calculate the remainder when -2 + 2 + 0 + 20 is divided by v.
9
Suppose r + 5*r + 30 = 0. Calculate the remainder when 30 - (r/(-15))/(1/3) is divided by 8.
5
Suppose -30 = -29*z + 579. Calculate the remainder when 61 is divided by z.
19
Suppose -3*f + 2 = -7. Suppose -39 = -f*j - 36. Calculate the remainder when 2 is divided by j.
0
Let c(v) = v + 4*v - v**3 - 4*v**2 - 9 - 3*v**2. Let k be c(-8). Suppose -k*l + 60 = -11*l. What is the remainder when 26 is divided by l?
11
Let j(l) = -l**3 - l**2 + 2*l - 33. Let u be j(0). Let w = u - -13. Let i = w - -23. What is the remainder when 11 is divided by i?
2
Let p(v) = 9*v + 79. Let n be p(0). Calculate the remainder when n + (-2)/(-2) - (-8)/(-4) is divided by 34.
10
Suppose -1 = 4*a - 13. Suppose -c = a*c - 20. What is the remainder when 15 is divided by c?
0
Let m = 1 + 2. Calculate the remainder when 264/10 + (-32)/20*14/56 is divided by m.
2
Let q be -2*(-2)/(4/5). Suppose r = q*r - 96. Let f = 165 + -96. Calculate the remainder when f is divided by r.
21
Calculate the remainder when 112 is divided by 62/(-6 + (3 - -5)).
19
Let o be 32/(-4 + 30/9). Calculate the remainder when (o/3)/(3/(-15)) is divided by 27.
26
Suppose -2*o = -215 - 223. Let m be -1 + (o + -3)/1. Suppose l = -5*c + 142, 5*c + 82 - m = -4*l. What is the remainder when c is divided by 16?
13
Suppose -10*a = -2*a - 64. Calculate the remainder when 71 is divided by (1 - 49)*(-4)/a.
23
Suppose 0 = 29*c - 21*c - 400. What is the remainder when 91 is divided by c?
41
Let b(s) = 17*s + 5. Let h(m) = 3*m**3 - 22*m**2 + 11*m - 19. Calculate the remainder when b(7) is divided by h(7).
7
Suppose 4*t - 49 = 95. Let v = t + -24. Suppose 76 = -v*j + 14*j. Calculate the remainder when j is divided by 10.
8
Let k = 21 + -14. What is the remainder when k is divided by 1/2 - 25/(-10)?
1
Let i be (-8 + 5)/(6/(-2)). Let s(z) = 18*z**3 - 3*z**2 + 4*z - 2. Suppose 5*c - 300 = 25. Calculate the remainder when c is divided by s(i).
14
Let b = 5 + -6. Let x = 2 - b. Let g = 10 - x. What is the remainder when 19 is divided by g?
5
Let u = 57 - 43. Calculate the rem